{"id":302,"date":"2023-08-29T00:59:24","date_gmt":"2023-08-28T22:59:24","guid":{"rendered":"https:\/\/yeshigroup.com\/yeshi\/?page_id=302"},"modified":"2025-01-29T12:02:23","modified_gmt":"2025-01-29T11:02:23","slug":"medias","status":"publish","type":"page","link":"https:\/\/yeshigroup.com\/yeshi\/medias\/","title":{"rendered":"M\u00e9dias"},"content":{"rendered":"<style>.elementor-302 .elementor-element.elementor-element-31ead84{--display:flex;}.elementor-widget-heading .elementor-heading-title{font-family:var( --e-global-typography-primary-font-family ), Sans-serif;font-weight:var( --e-global-typography-primary-font-weight );color:var( --e-global-color-primary );}.elementor-302 .elementor-element.elementor-element-ebff0e5 .elementor-heading-title{font-family:\"Futura\", Sans-serif;font-size:55px;font-weight:700;color:#08345E;}.elementor-widget-eael-post-grid .eael-meta-posted-on{font-family:var( --e-global-typography-text-font-family ), Sans-serif;font-weight:var( --e-global-typography-text-font-weight );}.elementor-widget-eael-post-grid .eael-entry-meta > span{font-family:var( --e-global-typography-text-font-family ), Sans-serif;font-weight:var( --e-global-typography-text-font-weight );}.elementor-widget-eael-post-grid .eael-entry-title, .elementor-widget-eael-post-grid .eael-entry-title a{font-family:var( --e-global-typography-primary-font-family ), Sans-serif;font-weight:var( --e-global-typography-primary-font-weight );}.elementor-widget-eael-post-grid .eael-grid-post-excerpt p{font-family:var( --e-global-typography-text-font-family ), Sans-serif;font-weight:var( --e-global-typography-text-font-weight );}.elementor-widget-eael-post-grid .post-meta-categories li, .elementor-widget-eael-post-grid .post-meta-categories li a{font-family:var( --e-global-typography-text-font-family ), Sans-serif;font-weight:var( --e-global-typography-text-font-weight );}.elementor-302 .elementor-element.elementor-element-d9eb4ef .eael-entry-thumbnail{padding-bottom:calc(0.66 * 100%);}.elementor-302 .elementor-element.elementor-element-d9eb4ef .eael-grid-post-holder{background-color:#fff;border-radius:0px 0px 0px 0px;}.elementor-302 .elementor-element.elementor-element-d9eb4ef .eael-post-grid .eael-grid-post .eael-entry-media img, .elementor-302 .elementor-element.elementor-element-d9eb4ef .eael-grid-post .eael-entry-overlay{border-radius:10px 10px 10px 10px;}.elementor-302 .elementor-element.elementor-element-d9eb4ef .eael-grid-post .eael-entry-footer{justify-content:flex-start;}.elementor-302 .elementor-element.elementor-element-d9eb4ef .eael-grid-post .eael-entry-header-after{justify-content:flex-start;align-items:center;}.elementor-302 .elementor-element.elementor-element-d9eb4ef .eael-entry-meta > span{font-family:\"Oxygen\", Sans-serif;font-weight:400;}.elementor-302 .elementor-element.elementor-element-d9eb4ef .eael-entry-title a{color:#03358A;}.elementor-302 .elementor-element.elementor-element-d9eb4ef .eael-entry-title:hover, .elementor-302 .elementor-element.elementor-element-d9eb4ef .eael-entry-title a:hover{color:#23527c;}.elementor-302 .elementor-element.elementor-element-d9eb4ef .eael-entry-title, .elementor-302 .elementor-element.elementor-element-d9eb4ef .eael-entry-title a{font-weight:600;}.elementor-302 .elementor-element.elementor-element-d9eb4ef .eael-grid-post-excerpt p{font-weight:400;}.elementor-302 .elementor-element.elementor-element-d9eb4ef .eael-grid-post .eael-entry-overlay{background-color:rgba(0,0,0, .75);}.elementor-302 .elementor-element.elementor-element-d9eb4ef .eael-grid-post .eael-entry-overlay > i{color:#ffffff;font-size:18px;}.elementor-302 .elementor-element.elementor-element-d9eb4ef .eael-grid-post .eael-entry-overlay > img{height:18px;width:18px;}.elementor-302 .elementor-element.elementor-element-d9eb4ef .eael-post-elements-readmore-btn{color:var( --e-global-color-primary );}.elementor-302 .elementor-element.elementor-element-d9eb4ef .eael-post-elements-readmore-btn:hover{color:#05245A;}.elementor-302 .elementor-element.elementor-element-d9eb4ef .eael-load-more-button{font-family:\"Oxygen\", Sans-serif;color:#fff;background:#FF290D;border-radius:10px;}.elementor-302 .elementor-element.elementor-element-d9eb4ef .eael-load-more-button:hover{color:#fff;background:#C01600;}.elementor-302 .elementor-element.elementor-element-d9eb4ef .eael-load-more-button-wrap{justify-content:center;}.elementor-302 .elementor-element.elementor-element-d2cf47d{--display:flex;}.elementor-302 .elementor-element.elementor-element-01286d7 .elementor-heading-title{font-family:\"Futura\", Sans-serif;font-size:55px;font-weight:700;color:#08345E;}.elementor-302 .elementor-element.elementor-element-bc37911 .eael-entry-thumbnail{padding-bottom:calc(0.66 * 100%);}.elementor-302 .elementor-element.elementor-element-bc37911 .eael-grid-post-holder{background-color:#fff;border-radius:0px 0px 0px 0px;}.elementor-302 .elementor-element.elementor-element-bc37911 .eael-post-grid .eael-grid-post .eael-entry-media img, .elementor-302 .elementor-element.elementor-element-bc37911 .eael-grid-post .eael-entry-overlay{border-radius:10px 10px 10px 10px;}.elementor-302 .elementor-element.elementor-element-bc37911 .eael-grid-post .eael-entry-footer{justify-content:flex-start;}.elementor-302 .elementor-element.elementor-element-bc37911 .eael-grid-post .eael-entry-header-after{justify-content:flex-start;align-items:center;}.elementor-302 .elementor-element.elementor-element-bc37911 .eael-entry-meta > span{font-family:\"Oxygen\", Sans-serif;font-weight:400;}.elementor-302 .elementor-element.elementor-element-bc37911 .eael-entry-title a{color:#03358A;}.elementor-302 .elementor-element.elementor-element-bc37911 .eael-entry-title:hover, .elementor-302 .elementor-element.elementor-element-bc37911 .eael-entry-title a:hover{color:#23527c;}.elementor-302 .elementor-element.elementor-element-bc37911 .eael-entry-title, .elementor-302 .elementor-element.elementor-element-bc37911 .eael-entry-title a{font-weight:600;}.elementor-302 .elementor-element.elementor-element-bc37911 .eael-grid-post-excerpt p{font-weight:400;}.elementor-302 .elementor-element.elementor-element-bc37911 .eael-grid-post .eael-entry-overlay{background-color:rgba(0,0,0, .75);}.elementor-302 .elementor-element.elementor-element-bc37911 .eael-grid-post .eael-entry-overlay > i{color:#ffffff;font-size:18px;}.elementor-302 .elementor-element.elementor-element-bc37911 .eael-grid-post .eael-entry-overlay > img{height:18px;width:18px;}.elementor-302 .elementor-element.elementor-element-bc37911 .eael-post-elements-readmore-btn{color:#03358A;}.elementor-302 .elementor-element.elementor-element-bc37911 .eael-post-elements-readmore-btn:hover{color:#05245A;}.elementor-302 .elementor-element.elementor-element-bc37911 .eael-load-more-button{font-family:\"Oxygen\", Sans-serif;color:#fff;background:#FF290D;border-radius:10px;}.elementor-302 .elementor-element.elementor-element-bc37911 .eael-load-more-button:hover{color:#fff;background:#C01600;}.elementor-302 .elementor-element.elementor-element-bc37911 .eael-load-more-button-wrap{justify-content:center;}<\/style>\t\t<div data-elementor-type=\"wp-page\" data-elementor-id=\"302\" class=\"elementor elementor-302\" data-elementor-settings=\"{&quot;ha_cmc_init_switcher&quot;:&quot;no&quot;}\" data-elementor-post-type=\"page\">\n\t\t\t\t<div class=\"elementor-element elementor-element-31ead84 e-flex e-con-boxed wpr-particle-no wpr-jarallax-no wpr-parallax-no wpr-sticky-section-no e-con e-parent\" data-id=\"31ead84\" data-element_type=\"container\" data-settings=\"{&quot;_ha_eqh_enable&quot;:false}\">\n\t\t\t\t\t<div class=\"e-con-inner\">\n\t\t\t\t<div class=\"elementor-element elementor-element-ebff0e5 exad-sticky-section-no exad-glass-effect-no elementor-widget elementor-widget-heading\" data-id=\"ebff0e5\" data-element_type=\"widget\" data-widget_type=\"heading.default\">\n\t\t\t\t<div class=\"elementor-widget-container\">\n\t\t\t\t\t<h2 class=\"elementor-heading-title elementor-size-default\">Article du groupe<\/h2>\t\t\t\t<\/div>\n\t\t\t\t<\/div>\n\t\t\t\t<div class=\"elementor-element elementor-element-d9eb4ef elementor-grid-eael-col-3 elementor-grid-tablet-eael-col-2 elementor-grid-mobile-eael-col-1 exad-sticky-section-no exad-glass-effect-no elementor-widget elementor-widget-eael-post-grid\" data-id=\"d9eb4ef\" data-element_type=\"widget\" data-settings=\"{&quot;eael_post_grid_columns&quot;:&quot;eael-col-3&quot;,&quot;eael_post_grid_columns_tablet&quot;:&quot;eael-col-2&quot;,&quot;eael_post_grid_columns_mobile&quot;:&quot;eael-col-1&quot;}\" data-widget_type=\"eael-post-grid.default\">\n\t\t\t\t<div class=\"elementor-widget-container\">\n\t\t\t\t\t<div id=\"eael-post-grid-d9eb4ef\" class=\"eael-post-grid-container\">\n            <div class=\"eael-post-grid eael-post-appender eael-post-appender-d9eb4ef eael-post-grid-style-two\" data-layout-mode=\"grid\"><p class=\"no-posts-found\">No posts found!<\/p><\/div>\n            <div class=\"clearfix\"><\/div>\n        <\/div>\t\t\t\t<\/div>\n\t\t\t\t<\/div>\n\t\t\t\t\t<\/div>\n\t\t\t\t<\/div>\n\t\t<div class=\"elementor-element elementor-element-d2cf47d e-flex e-con-boxed wpr-particle-no wpr-jarallax-no wpr-parallax-no wpr-sticky-section-no e-con e-parent\" data-id=\"d2cf47d\" data-element_type=\"container\" data-settings=\"{&quot;_ha_eqh_enable&quot;:false}\">\n\t\t\t\t\t<div class=\"e-con-inner\">\n\t\t\t\t<div class=\"elementor-element elementor-element-01286d7 exad-sticky-section-no exad-glass-effect-no elementor-widget elementor-widget-heading\" data-id=\"01286d7\" data-element_type=\"widget\" data-widget_type=\"heading.default\">\n\t\t\t\t<div class=\"elementor-widget-container\">\n\t\t\t\t\t<h2 class=\"elementor-heading-title elementor-size-default\">Article de presse<\/h2>\t\t\t\t<\/div>\n\t\t\t\t<\/div>\n\t\t\t\t<div class=\"elementor-element elementor-element-bc37911 elementor-grid-eael-col-3 elementor-grid-tablet-eael-col-2 elementor-grid-mobile-eael-col-1 exad-sticky-section-no exad-glass-effect-no elementor-widget elementor-widget-eael-post-grid\" data-id=\"bc37911\" data-element_type=\"widget\" data-settings=\"{&quot;eael_post_grid_columns&quot;:&quot;eael-col-3&quot;,&quot;eael_post_grid_columns_tablet&quot;:&quot;eael-col-2&quot;,&quot;eael_post_grid_columns_mobile&quot;:&quot;eael-col-1&quot;}\" data-widget_type=\"eael-post-grid.default\">\n\t\t\t\t<div class=\"elementor-widget-container\">\n\t\t\t\t\t<div id=\"eael-post-grid-bc37911\" class=\"eael-post-grid-container\">\n            <div class=\"eael-post-grid eael-post-appender eael-post-appender-bc37911 eael-post-grid-style-two\" data-layout-mode=\"grid\"><article class=\"eael-grid-post  eael-post-grid-column eael-pg-post-1705 category-actualites-articles-de-presse\" data-id=\"1705\">\n    <div class=\"eael-grid-post-holder\">\n        <div class=\"eael-grid-post-holder-inner\"><div class=\"eael-entry-media\"><div class=\"eael-entry-overlay fade-in\"><i class=\"fas fa-long-arrow-alt-right\" aria-hidden=\"true\"><\/i><a href=\"https:\/\/yeshigroup.com\/yeshi\/market-share-champion\/\"><\/a><\/div><div class=\"eael-entry-thumbnail eael-image-ratio\">\n                            <img fetchpriority=\"high\" decoding=\"async\" width=\"300\" height=\"211\" src=\"https:\/\/yeshigroup.com\/yeshi\/wp-content\/uploads\/2023\/10\/rimco-trophe_1-300x211.jpg\" class=\"attachment-medium size-medium wp-image-3880\" alt=\"\" srcset=\"https:\/\/yeshigroup.com\/yeshi\/wp-content\/uploads\/2023\/10\/rimco-trophe_1-300x211.jpg 300w, https:\/\/yeshigroup.com\/yeshi\/wp-content\/uploads\/2023\/10\/rimco-trophe_1-1024x720.jpg 1024w, https:\/\/yeshigroup.com\/yeshi\/wp-content\/uploads\/2023\/10\/rimco-trophe_1-768x540.jpg 768w, https:\/\/yeshigroup.com\/yeshi\/wp-content\/uploads\/2023\/10\/rimco-trophe_1-1536x1080.jpg 1536w, https:\/\/yeshigroup.com\/yeshi\/wp-content\/uploads\/2023\/10\/rimco-trophe_1.jpg 1600w\" sizes=\"(max-width: 300px) 100vw, 300px\" \/>\n                            <\/div>\n                    <\/div><div class=\"eael-entry-wrapper\"><header class=\"eael-entry-header\"><h2 class=\"eael-entry-title\"><a class=\"eael-grid-post-link\" href=\"https:\/\/yeshigroup.com\/yeshi\/market-share-champion\/\" title=\"RIMCO MOTORS, Market Share Champion sur la r\u00e9gion Middle East &amp; Africa !\">RIMCO MOTORS, Market Share Champion sur la r\u00e9gion Middle East &amp; Africa !<\/a><\/h2><\/header><div class=\"eael-entry-header-after style-two\"><div class=\"eael-entry-meta\"><span class=\"eael-posted-on eael-meta-posted-on\"><i class=\"far fa-clock\"><\/i><time datetime=\"21 janvier 2025\">21 janvier 2025<\/time><\/span><\/div><\/div><div class=\"eael-entry-content\">\n                                <div class=\"eael-grid-post-excerpt\"><p>Yeshi Group, \u00e0 travers ses entreprises propose un large choix...<\/p><a href=\"https:\/\/yeshigroup.com\/yeshi\/market-share-champion\/\" class=\"eael-post-elements-readmore-btn\">En savoir plus<\/a><\/div>\n                            <\/div><\/div><\/div>\n    <\/div>\n<\/article><article class=\"eael-grid-post  eael-post-grid-column eael-pg-post-1704 category-actualites-articles-de-presse\" data-id=\"1704\">\n    <div class=\"eael-grid-post-holder\">\n        <div class=\"eael-grid-post-holder-inner\"><div class=\"eael-entry-media\"><div class=\"eael-entry-overlay fade-in\"><i class=\"fas fa-long-arrow-alt-right\" aria-hidden=\"true\"><\/i><a href=\"https:\/\/yeshigroup.com\/yeshi\/double-distinction-pour-bernabe-cote-divoire\/\"><\/a><\/div><div class=\"eael-entry-thumbnail eael-image-ratio\">\n                            <img decoding=\"async\" width=\"300\" height=\"211\" src=\"https:\/\/yeshigroup.com\/yeshi\/wp-content\/uploads\/2023\/10\/Monument-Cleaning-300x211.jpg\" class=\"attachment-medium size-medium wp-image-3886\" alt=\"\" srcset=\"https:\/\/yeshigroup.com\/yeshi\/wp-content\/uploads\/2023\/10\/Monument-Cleaning-300x211.jpg 300w, https:\/\/yeshigroup.com\/yeshi\/wp-content\/uploads\/2023\/10\/Monument-Cleaning-1024x720.jpg 1024w, https:\/\/yeshigroup.com\/yeshi\/wp-content\/uploads\/2023\/10\/Monument-Cleaning-768x540.jpg 768w, https:\/\/yeshigroup.com\/yeshi\/wp-content\/uploads\/2023\/10\/Monument-Cleaning-1536x1080.jpg 1536w, https:\/\/yeshigroup.com\/yeshi\/wp-content\/uploads\/2023\/10\/Monument-Cleaning.jpg 1600w\" sizes=\"(max-width: 300px) 100vw, 300px\" \/>\n                            <\/div>\n                    <\/div><div class=\"eael-entry-wrapper\"><header class=\"eael-entry-header\"><h2 class=\"eael-entry-title\"><a class=\"eael-grid-post-link\" href=\"https:\/\/yeshigroup.com\/yeshi\/double-distinction-pour-bernabe-cote-divoire\/\" title=\"Double distinction pour Bernab\u00e9 C\u00f4te d\u2019Ivoire !\">Double distinction pour Bernab\u00e9 C\u00f4te d\u2019Ivoire !<\/a><\/h2><\/header><div class=\"eael-entry-header-after style-two\"><div class=\"eael-entry-meta\"><span class=\"eael-posted-on eael-meta-posted-on\"><i class=\"far fa-clock\"><\/i><time datetime=\"24 octobre 2023\">24 octobre 2023<\/time><\/span><\/div><\/div><div class=\"eael-entry-content\">\n                                <div class=\"eael-grid-post-excerpt\"><p>Yeshi Group, \u00e0 travers ses entreprises propose un large choix...<\/p><a href=\"https:\/\/yeshigroup.com\/yeshi\/double-distinction-pour-bernabe-cote-divoire\/\" class=\"eael-post-elements-readmore-btn\">En savoir plus<\/a><\/div>\n                            <\/div><\/div><\/div>\n    <\/div>\n<\/article><\/div>\n            <div class=\"clearfix\"><\/div>\n        <\/div>\t\t\t\t<\/div>\n\t\t\t\t<\/div>\n\t\t\t\t\t<\/div>\n\t\t\t\t<\/div>\n\t\t\t\t<\/div>\n\t\t","protected":false},"excerpt":{"rendered":"<p>Article du groupe Un centre commercial au Plateau 24 octobre 2023 Yeshi Group, \u00e0 travers ses entreprises propose un large choix&#8230; En savoir plus Un centre commercial au Plateau 28 ao\u00fbt 2023 Yeshi Group, \u00e0 travers ses entreprises propose un large choix&#8230; En savoir plus Article de presse Un centre commercial au Plateau 3 24 octobre 2023 Yeshi Group, \u00e0 travers ses entreprises propose un large choix&#8230; En savoir plus Un centre commercial au Plateau 3 24 octobre 2023 Yeshi Group, \u00e0 travers ses entreprises propose un large choix&#8230; En savoir plus Un centre commercial au Plateau 3 25 septembre 2023 Yeshi Group, \u00e0 travers ses entreprises propose un large choix&#8230; En savoir plus<\/p>\n","protected":false},"author":5,"featured_media":351,"parent":0,"menu_order":0,"comment_status":"closed","ping_status":"closed","template":"","meta":{"_acf_changed":false,"site-sidebar-layout":"no-sidebar","site-content-layout":"page-builder","ast-site-content-layout":"","site-content-style":"default","site-sidebar-style":"default","ast-global-header-display":"","ast-banner-title-visibility":"","ast-main-header-display":"","ast-hfb-above-header-display":"","ast-hfb-below-header-display":"","ast-hfb-mobile-header-display":"","site-post-title":"disabled","ast-breadcrumbs-content":"","ast-featured-img":"","footer-sml-layout":"","theme-transparent-header-meta":"","adv-header-id-meta":"","stick-header-meta":"","header-above-stick-meta":"","header-main-stick-meta":"","header-below-stick-meta":"","astra-migrate-meta-layouts":"","ast-page-background-enabled":"default","ast-page-background-meta":{"desktop":{"background-color":"var(--ast-global-color-4)","background-image":"","background-repeat":"repeat","background-position":"center center","background-size":"auto","background-attachment":"scroll","background-type":"","background-media":"","overlay-type":"","overlay-color":"","overlay-opacity":"","overlay-gradient":""},"tablet":{"background-color":"","background-image":"","background-repeat":"repeat","background-position":"center center","background-size":"auto","background-attachment":"scroll","background-type":"","background-media":"","overlay-type":"","overlay-color":"","overlay-opacity":"","overlay-gradient":""},"mobile":{"background-color":"","background-image":"","background-repeat":"repeat","background-position":"center center","background-size":"auto","background-attachment":"scroll","background-type":"","background-media":"","overlay-type":"","overlay-color":"","overlay-opacity":"","overlay-gradient":""}},"ast-content-background-meta":{"desktop":{"background-color":"var(--ast-global-color-5)","background-image":"","background-repeat":"repeat","background-position":"center center","background-size":"auto","background-attachment":"scroll","background-type":"","background-media":"","overlay-type":"","overlay-color":"","overlay-opacity":"","overlay-gradient":""},"tablet":{"background-color":"var(--ast-global-color-5)","background-image":"","background-repeat":"repeat","background-position":"center center","background-size":"auto","background-attachment":"scroll","background-type":"","background-media":"","overlay-type":"","overlay-color":"","overlay-opacity":"","overlay-gradient":""},"mobile":{"background-color":"var(--ast-global-color-5)","background-image":"","background-repeat":"repeat","background-position":"center center","background-size":"auto","background-attachment":"scroll","background-type":"","background-media":"","overlay-type":"","overlay-color":"","overlay-opacity":"","overlay-gradient":""}},"footnotes":""},"class_list":["post-302","page","type-page","status-publish","has-post-thumbnail","hentry"],"acf":[],"_links":{"self":[{"href":"https:\/\/yeshigroup.com\/yeshi\/wp-json\/wp\/v2\/pages\/302","targetHints":{"allow":["GET"]}}],"collection":[{"href":"https:\/\/yeshigroup.com\/yeshi\/wp-json\/wp\/v2\/pages"}],"about":[{"href":"https:\/\/yeshigroup.com\/yeshi\/wp-json\/wp\/v2\/types\/page"}],"author":[{"embeddable":true,"href":"https:\/\/yeshigroup.com\/yeshi\/wp-json\/wp\/v2\/users\/5"}],"replies":[{"embeddable":true,"href":"https:\/\/yeshigroup.com\/yeshi\/wp-json\/wp\/v2\/comments?post=302"}],"version-history":[{"count":31,"href":"https:\/\/yeshigroup.com\/yeshi\/wp-json\/wp\/v2\/pages\/302\/revisions"}],"predecessor-version":[{"id":2975,"href":"https:\/\/yeshigroup.com\/yeshi\/wp-json\/wp\/v2\/pages\/302\/revisions\/2975"}],"wp:featuredmedia":[{"embeddable":true,"href":"https:\/\/yeshigroup.com\/yeshi\/wp-json\/wp\/v2\/media\/351"}],"wp:attachment":[{"href":"https:\/\/yeshigroup.com\/yeshi\/wp-json\/wp\/v2\/media?parent=302"}],"curies":[{"name":"wp","href":"https:\/\/api.w.org\/{rel}","templated":true}]}}